3) to base 7.
22312350
Convert -13030321203 (base 4) to base 7.
-22021626
What is 3c0c28 (base 13) in base 5?
333134143
-103130112 (base 4) to base 14
-21046
ae5e1 (base 15) to base 10
554836
Convert 24133 (base 7) to base 11.
476a
What is -10001101110101001110101 (base 2) in base 11?
-2694848
What is -25475 (base 11) in base 3?
-1212001222
10223044002 (base 5) to base 8
51011752
What is -10001010111010110 (base 2) in base 10?
-71126
220001120220 (base 3) to base 2
1110011100111001110
What is 143621 (base 7) in base 14?
a181
Convert -304135 (base 7) to base 15.
-1057d
Convert -cb319 (base 14) to base 4.
-1320010023
What is 20129 (base 15) in base 14?
28dd0
a70b (base 15) to base 11
24604
Convert -6107c (base 13) to base 12.
-84602
-44124356 (base 7) to base 16
-39cca1
-1330a (base 13) to base 15
-a87e
7117694 (base 10) to base 15
958e2e
What is -9391d (base 16) in base 4?
-2103210131
-12a4658 (base 11) to base 5
-1033334221
-833e (base 15) to base 16
-6c56
Convert -4111730 (base 10) to base 15.
-563455
-c9126 (base 15) to base 2
-10011011110010111000
What is 10022102112 (base 3) in base 2?
1111111010101000
Convert 1170202 (base 9) to base 10.
636581
Convert 3255898 (base 13) to base 11.
8753a25
What is -1a00527 (base 11) in base 6?
-200300401
Convert 1a3101 (base 11) to base 14.
81796
Convert -121221001201 (base 3) to base 12.
-1409a7
Convert -536 (base 16) to base 12.
-932
Convert 2021011111112 (base 3) to base 4.
10211323220
-1111111111101110110011 (base 2) to base 16
-3ffbb3
Convert -201202201022002 (base 3) to base 11.
-5a25709
What is -11a239 (base 11) in base 3?
-100121122121
Convert -7b167e (base 16) to base 13.
-18958b4
Convert 3221322 (base 5) to base 7.
315101
Convert -32308 (base 10) to base 9.
-48277
What is 13250013 (base 7) in base 3?
2022002102200
Convert 661a1 (base 11) to base 13.
34957
Convert -75066 (base 14) to base 16.
-45062
What is 65310 (base 14) in base 12?
b9816
Convert 3a5274 (base 13) to base 2.
101011000011101011011
Convert -22333 (base 13) to base 10.
-62065
-19a42 (base 15) to base 16
-14570
1327829 (base 11) to base 14
43a196
Convert -4559bb (base 15) to base 2.
-1100101000000010000101
What is -1000001110001100000 (base 2) in base 14?
-70276
What is 3c92b1 (base 13) in base 14?
2a6306
What is 133a5 (base 11) in base 2?
100101010101000
What is -31330022110 (base 4) in base 3?
-20212122202011
What is b5a4a4 (base 12) in base 7?
33204505
-32021001321 (base 4) to base 8
-16110171
What is 103041323 (base 7) in base 9?
12468752
-274713 (base 11) to base 5
-102241044
Convert 37000 (base 13) to base 12.
4a59a
1656422 (base 7) to base 8
706476
Convert 8086797 (base 11) to base 16.
da2dbb
Convert -71178 (base 13) to base 14.
-53a88
Convert 11000110010101011111 (base 2) to base 11.
5053a0
Convert -44341044 (base 5) to base 10.
-387024
-133a3 (base 15) to base 16
-f08a
What is 426018 (base 10) in base 5?
102113033
Convert -301330103 (base 4) to base 8.
-617423
1c912 (base 15) to base 3
11201210122
Convert 164718 (base 9) to base 14.
291d9
Convert 1c10e (base 16) to base 5.
12134313
What is -1000111100001001000100 (base 2) in base 8?
-10741104
Convert -1c8593 (base 15) to base 11.
-873208
What is -1b843 (base 15) in base 9?
-145830
Convert 1a6db4 (base 14) to base 5.
220104104
Convert -1806014 (base 9) to base 3.
-1220020000111
What is -458f20 (base 16) in base 5?
-2131333444
1361132 (base 13) to base 8
27246235
Convert -cd621 (base 16) to base 7.
-10102423
What is 305221 (base 8) in base 6?
2055345
What is 11010100011000110011010 (base 2) in base 8?
32430632
What is -10010000000001111010110 (base 2) in base 9?
-8783031
Convert -3031230230 (base 4) to base 2.
-11001101101100101100
-54202 (base 11) to base 4
-103032311
12150341 (base 6) to base 12
1683b1
265043 (base 10) to base 9
443512
What is -16633466 (base 7) in base 14?
-3092dd
-153143205 (base 6) to base 5
-1311423244
Convert -223233 (base 9) to base 12.
-65393
-1022110021001 (base 3) to base 8
-2522763
What is -30450 (base 14) in base 13?
-40acc
210aa51 (base 11) to base 2
1110001011111001011101
What is 4501303 (base 6) in base 8?
671047
What is 11237467 (base 10) in base 15?
ebe947
Convert -7855a6 (base 12) to base 4.
-13110010032
Convert -3025544 (base 6) to base 16.
-231e8
What is 11545003 (base 6) in base 4?
1122300123
Convert -23363331 (base 7) to base 16.
-1f868a
Convert -3352010 (base 8) to base 10.
-906248
What is 111011000001101110111 (base 2) in base 5?
443343244
What is 938292 (base 14) in base 10?
4978136
What is -141102230 (base 5) in base 12?
-2a9b26
Convert -415424 (base 8) to base 15.
-2ad54
10654251 (base 8) to base 14
444293
What is -29a01 (base 15) in base 10?
-133876
Convert 11021101211122 (base 3) to base 12.
9165b2
-121211021120 (base 3) to base 5
-41044140
-21212212110111 (base 3) to base 4
-33332323030
What is -3332112 (base 6) in base 5?
-20331120
646226 (base 7) to base 14
2d086
-3496a (base 14) to base 10
-128082
123141343 (base 5) to base 6
20503530
Convert -423c97 (base 14) to base 9.
-4182105
Convert -1320222131 (base 4) to base 8.
-1705235
-523540 (base 9) to base 14
-8149d
Convert -210a45 (base 11) to base 9.
-564577
-121001200221 (base 3) to base 2
-1001101001100001000
What is 22110231003 (base 4) in base 13?
739a37
What is 587b40 (base 14) in base 2?
1011100000110010001100
Convert 1971c (base 13) to base 7.
264303
What is 13412624 (base 9) in base 12?
2274227
d79a7 (base 14) to base 2
1111111000101001111
What is 302103502 (base 6) in base 16?
4e711e
Convert -96ad0 (base 14) to base 2.
-1011000111100111110
What is 214054020 (base 6) in base 5?
1440130043
What is -3031301022 (base 4) in base 13?
-23681a
What is 302303320 (base 4) in base 2?
110010110011111000
122718 (base 9) to base 5
4333323
What is 26151 (base 11) in base 4?
21021011
Convert 727575 (base 8) to base 7.
2024115
What is -12310231112 (base 4) in base 8?
-6645526
Convert 1110001111110110 (base 2) to base 15.
12458
What is 1536346 (base 11) in base 13?
710905
-442872 (base 9) to base 2
-1000000100110100011
What is -817316 (base 9) in base 10?
-484314
What is 2064962 (base 14) in base 10?
15302394
Convert -165201054 (base 7) to base 14.
-170c564
3578748 (base 11) to base 16
5f1f74
2241857 (base 9) to base 16
12714d
Convert -1001100010001101011100 (base 2) to base 6.
-125323220
Convert -57ee86 (base 15) to base 14.
-7b538c
-164c0b6 (base 14) to base 15
-e6268c
What is -14111315 (base 6) in base 13?
-13884b
625635 (base 9) to base 2
1011010101101111011
What is -ca685 (base 16) in base 4?
-3022122011
Convert -55152551 (base 6) to base 14.
-30c763
Convert 10b515 (base 12) to base 8.
1014441
-322311430 (base 6) to base 13
-125227b
235067 (base 13) to base 15
118a5e
4341413 (base 7) to base 8
2015342
Convert -433232 (base 6) to base 3.
-1211000102
-145420044 (base 7) to base 14
-1410024
What is -8c378 (base 13) in base 10?
-255458
45020236 (base 7) to base 5
1443343334
4425602 (base 7) to base 5
114412022
What is -3a87b87 (base 12) in base 2?
-101100010110010111010111
-258c8 (base 13) to base 4
-100333313
148754 (base 12) to base 9
577481
Convert -156220 (base 8) to base 6.
-1113224
What is -1caa (base 15) in base 16?
-185b
-1011111010101010000 (base 2) to base 14
-a2436
What is 27521027 (base 8) in base 4?
113222020113
What is -11230330013 (base 4) in base 2?
-101101100111100000111
53413340 (base 6) to base 15
211053
What is 2fea0 (base 16) in base 12?
956a8
-4007c1 (base 16) to base 11
-2406809
Convert 21312725 (base 8) to base 14.
869d09
What is -211524111 (base 6) in base 4?
-32032031023
What is -95344 (base 10) in base 12?
-47214
Convert -2223323 (base 4) to base 7.
-44036
Convert -53229 (base 11) to base 10.
-77471
10352081 (base 9) to base 3
100101202002201
What is -6151661 (base 7) in base 9?
-1340675
Convert 1210221000 (base 3) to base 13.
13308
Convert 20449a (base 12) to base 14.
d21ca
-111121112120112 (base 3) to base 11
-40a1254
-21400113 (base 5) to base 8
-550130
-25e25 (base 15) to base 14
-322d0
What is 114554424 (base 6) in base 15?
2d49aa
Convert 1c6335 (base 15) to base 9.
2544685
Convert 26ab6 (base 14) to base 7.
545116
8861612 (base 9) to base 8
22131540
50eb8 (base 15) to base 14
6965a
Convert 3896 (base 13) to base 9.
12052
What is 2371a31 (base 11) i